{"id":161,"date":"2018-01-12T15:49:59","date_gmt":"2018-01-12T15:49:59","guid":{"rendered":"http:\/\/strato.mondo-mainz.de\/?page_id=161"},"modified":"2020-01-10T16:43:30","modified_gmt":"2020-01-10T16:43:30","slug":"wohnen","status":"publish","type":"page","link":"https:\/\/mondo-mainz.de\/?page_id=161","title":{"rendered":"WOHNEN"},"content":{"rendered":"<h2><a href=\"?page_id=720\">Wohnw\u00e4nde<\/a>&nbsp;\u2022&nbsp;<a href=\"?page_id=697\">Sofa &amp; Sessel<\/a><\/h2>\n<div class=\"one_half\">\n<p>Ein Wohnzimmer ist in der Regel der \u00f6ffentlichste Raum einer Wohnung, es soll seine Bewohner widerspiegeln. Es soll Behaglichkeit und Gastlichkeit ausstrahlen \u2013 ein Ort, an dem man zusammenkommt, an dem sich sowohl die Familie, als auch G\u00e4ste wohl f\u00fchlen. Er sollte Geselligkeit verk\u00f6rpern aber auch R\u00fcckzugsm\u00f6glichkeit und Ruhe bieten. Es ist unser Anspruch, all dies in einem Raum zu vereinen. Funktionalit\u00e4t, Atmosph\u00e4re und \u00c4sthetik stehen hierbei im Vordergrund.<\/p>\n<\/div> <div class=\"one_half last_column\">\n<p><img fetchpriority=\"high\" decoding=\"async\" src=\"http:\/\/strato.mondo-mainz.de\/wp-content\/uploads\/2018\/01\/Sessel_Gervasoni_Gray-300x150.jpg\" alt=\"\" width=\"600\" height=\"300\"><\/p>\n<\/div>\n<h6>Detaillierte Informationen direkt bei unseren Herstellern:<\/h6>\n<p><a href=\"http:\/\/www.arco.nl\/\">arco<\/a>&nbsp;\u2022&nbsp;<a href=\"http:\/\/www.arsnova-collection.com\/\">ars nova<\/a>&nbsp;\u2022&nbsp;<a href=\"http:\/\/www.pierantoniobonacina.it\/a_home.php\">Bonacina<\/a>&nbsp;\u2022&nbsp;<a href=\"http:\/\/www.die-collection.de\/\">die-collection<\/a> \u2022 <a href=\"http:\/\/www.emmebidesign.com\/\">Emmebi<\/a> \u2022 <a href=\"http:\/\/www.gervasoni1882.it\/\">Gervasoni<\/a> \u2022 <a href=\"http:\/\/www.interprofil.de\/\">Interprofil<\/a> \u2022 <a href=\"http:\/\/www.jab.de\/\">jab<\/a> \u2022 <a href=\"http:\/\/www.linteloo.nl\/\">Linteloo<\/a> \u2022 <a href=\"http:\/\/www.livingdivani.it\/\">LivingDivani<\/a> \u2022 <a href=\"http:\/\/www.more-moebel.de\/\">more<\/a> \u2022 <a href=\"https:\/\/www.montanafurniture.com\/de\">Montana<\/a> \u2022&nbsp;<a href=\"http:\/\/www.molteni.it\/\">Molteni<\/a> \u2022 <a href=\"http:\/\/www.muellermoebel.com\/\">M\u00fcller<\/a> \u2022 <a href=\"http:\/\/www.pastoe.nl\/\">Pastoe<\/a> \u2022 <a href=\"http:\/\/www.pallucco.net\/\">Pallucco<\/a> \u2022 <a href=\"http:\/\/www.piure.de\/\" target=\"Hersteller\" rel=\"noopener noreferrer\">Piure<\/a> \u2022 <a href=\"http:\/\/www.porro.com\/\">porro<\/a> \u2022 <a href=\"http:\/\/www.puntmobles.com\/\">Punt<\/a> \u2022 <a href=\"http:\/\/www.schoenbuch.com\/\">Sch\u00f6nbuch<\/a> \u2022 <a href=\"http:\/\/www.sdr-plus.com\/\">sdr+<\/a> \u2022 <a href=\"http:\/\/www.stua.com\/\">Stua<\/a> \u2022&nbsp;<a href=\"http:\/\/www.zeitraum-moebel.de\/\">Zeitraum<\/a><\/p>\n","protected":false},"excerpt":{"rendered":"<p>Wohnw\u00e4nde&nbsp;\u2022&nbsp;Sofa &amp; Sessel Detaillierte Informationen direkt bei unseren Herstellern: arco&nbsp;\u2022&nbsp;ars nova&nbsp;\u2022&nbsp;Bonacina&nbsp;\u2022&nbsp;die-collection \u2022 Emmebi \u2022 Gervasoni \u2022 Interprofil \u2022 jab \u2022 Linteloo \u2022 LivingDivani \u2022 more \u2022 Montana \u2022&nbsp;Molteni \u2022 M\u00fcller \u2022 Pastoe \u2022 Pallucco \u2022 Piure \u2022 porro \u2022 Punt \u2022 Sch\u00f6nbuch \u2022 sdr+ \u2022 Stua \u2022&nbsp;Zeitraum<\/p>\n","protected":false},"author":1,"featured_media":0,"parent":0,"menu_order":0,"comment_status":"closed","ping_status":"closed","template":"full-width.php","meta":{"ngg_post_thumbnail":0,"footnotes":""},"class_list":["post-161","page","type-page","status-publish","hentry"],"_links":{"self":[{"href":"https:\/\/mondo-mainz.de\/index.php?rest_route=\/wp\/v2\/pages\/161"}],"collection":[{"href":"https:\/\/mondo-mainz.de\/index.php?rest_route=\/wp\/v2\/pages"}],"about":[{"href":"https:\/\/mondo-mainz.de\/index.php?rest_route=\/wp\/v2\/types\/page"}],"author":[{"embeddable":true,"href":"https:\/\/mondo-mainz.de\/index.php?rest_route=\/wp\/v2\/users\/1"}],"replies":[{"embeddable":true,"href":"https:\/\/mondo-mainz.de\/index.php?rest_route=%2Fwp%2Fv2%2Fcomments&post=161"}],"version-history":[{"count":91,"href":"https:\/\/mondo-mainz.de\/index.php?rest_route=\/wp\/v2\/pages\/161\/revisions"}],"predecessor-version":[{"id":790,"href":"https:\/\/mondo-mainz.de\/index.php?rest_route=\/wp\/v2\/pages\/161\/revisions\/790"}],"wp:attachment":[{"href":"https:\/\/mondo-mainz.de\/index.php?rest_route=%2Fwp%2Fv2%2Fmedia&parent=161"}],"curies":[{"name":"wp","href":"https:\/\/api.w.org\/{rel}","templated":true}]}}

<h2><a href="?page_id=720">Wohnwände</a>&nbsp;•&nbsp;<a href="?page_id=697">Sofa &amp; Sessel</a></h2>
<div class="one_half">
<p>Ein Wohnzimmer ist in der Regel der öffentlichste Raum einer Wohnung, es soll seine Bewohner widerspiegeln. Es soll Behaglichkeit und Gastlichkeit ausstrahlen – ein Ort, an dem man zusammenkommt, an dem sich sowohl die Familie, als auch Gäste wohl fühlen. Er sollte Geselligkeit verkörpern aber auch Rückzugsmöglichkeit und Ruhe bieten. Es ist unser Anspruch, all dies in einem Raum zu vereinen. Funktionalität, Atmosphäre und Ästhetik stehen hierbei im Vordergrund.</p>
</div> <div class="one_half last_column">
<p><img fetchpriority="high" decoding="async" src="http://strato.mondo-mainz.de/wp-content/uploads/2018/01/Sessel_Gervasoni_Gray-300x150.jpg" alt="" width="600" height="300"></p>
</div>
<h6>Detaillierte Informationen direkt bei unseren Herstellern:</h6>
<p><a href="http://www.arco.nl/">arco</a>&nbsp;•&nbsp;<a href="http://www.arsnova-collection.com/">ars nova</a>&nbsp;•&nbsp;<a href="http://www.pierantoniobonacina.it/a_home.php">Bonacina</a>&nbsp;•&nbsp;<a href="http://www.die-collection.de/">die-collection</a> • <a href="http://www.emmebidesign.com/">Emmebi</a> • <a href="http://www.gervasoni1882.it/">Gervasoni</a> • <a href="http://www.interprofil.de/">Interprofil</a> • <a href="http://www.jab.de/">jab</a> • <a href="http://www.linteloo.nl/">Linteloo</a> • <a href="http://www.livingdivani.it/">LivingDivani</a> • <a href="http://www.more-moebel.de/">more</a> • <a href="https://www.montanafurniture.com/de">Montana</a> •&nbsp;<a href="http://www.molteni.it/">Molteni</a> • <a href="http://www.muellermoebel.com/">Müller</a> • <a href="http://www.pastoe.nl/">Pastoe</a> • <a href="http://www.pallucco.net/">Pallucco</a> • <a href="http://www.piure.de/" target="Hersteller" rel="noopener noreferrer">Piure</a> • <a href="http://www.porro.com/">porro</a> • <a href="http://www.puntmobles.com/">Punt</a> • <a href="http://www.schoenbuch.com/">Schönbuch</a> • <a href="http://www.sdr-plus.com/">sdr+</a> • <a href="http://www.stua.com/">Stua</a> •&nbsp;<a href="http://www.zeitraum-moebel.de/">Zeitraum</a></p>

<p>Wohnwände&nbsp;•&nbsp;Sofa &amp; Sessel Detaillierte Informationen direkt bei unseren Herstellern: arco&nbsp;•&nbsp;ars nova&nbsp;•&nbsp;Bonacina&nbsp;•&nbsp;die-collection • Emmebi • Gervasoni • Interprofil • jab • Linteloo • LivingDivani • more • Montana •&nbsp;Molteni • Müller • Pastoe • Pallucco • Piure • porro • Punt • Schönbuch • sdr+ • Stua •&nbsp;Zeitraum</p>
